{"id":95,"date":"2021-11-14T11:14:30","date_gmt":"2021-11-14T11:14:30","guid":{"rendered":"https:\/\/uj.aranykor.hu\/idosek-otthona\/?page_id=95"},"modified":"2022-04-25T13:01:30","modified_gmt":"2022-04-25T13:01:30","slug":"jelentkezes","status":"publish","type":"page","link":"https:\/\/aranykor.hu\/idosek-otthona\/jelentkezes\/","title":{"rendered":"Jelentkez\u00e9s"},"content":{"rendered":"\n<div style=\"height:33px\" aria-hidden=\"true\" class=\"wp-block-spacer\"><\/div>\n\n\n\n<p>A le\u00edr\u00e1sban szerepl\u0151 formanyomtatv\u00e1nyokat a lap alj\u00e1n l\u00e9v\u0151<strong> Let\u00f6lt\u00e9sek men\u00fcpont<\/strong>\u00a0alatt tal\u00e1lj\u00e1k.<\/p>\n\n\n\n<div style=\"height:76px\" aria-hidden=\"true\" class=\"wp-block-spacer\"><\/div>\n\n\n\n<h2 class=\"wp-block-heading\">K\u00e9relem beny\u00fajt\u00e1sa<\/h2>\n\n\n\n<div style=\"height:25px\" aria-hidden=\"true\" class=\"wp-block-spacer\"><\/div>\n\n\n\n<h3 class=\"wp-block-heading\">Jelentkez\u00e9shez sz\u00fcks\u00e9ges k\u00f6telez\u0151 adatlapok<\/h3>\n\n\n\n<div style=\"height:26px\" aria-hidden=\"true\" class=\"wp-block-spacer\"><\/div>\n\n\n\n<p><strong>Az al\u00e1bbi dokumentumokat a szerz\u0151d\u00e9sk\u00f6t\u00e9skor eredeti p\u00e9ld\u00e1nyban le kell adni.<\/strong><\/p>\n\n\n\n<div style=\"height:30px\" aria-hidden=\"true\" class=\"wp-block-spacer\"><\/div>\n\n\n\n<p><strong>\u201eA\u201d lap<\/strong><\/p>\n\n\n\n<p>K\u00e9relem a szem\u00e9lyes gondoskod\u00e1st ny\u00fajt\u00f3 szoci\u00e1lis ell\u00e1t\u00e1s ig\u00e9nybev\u00e9tel\u00e9hez nev\u0171 adatlapot \u00d6n\u00f6knek, hozz\u00e1tartoz\u00f3knak \u00e9s a lak\u00f3nak kell kit\u00f6lteni, ezzel k\u00e9relmezik az int\u00e9zm\u00e9nyben val\u00f3 elhelyez\u00e9st. <\/p>\n\n\n\n<div style=\"height:30px\" aria-hidden=\"true\" class=\"wp-block-spacer\"><\/div>\n\n\n\n<p><strong>\u201eB\u201d lap<\/strong><\/p>\n\n\n\n<p>Az eg\u00e9szs\u00e9gi \u00e1llapotra vonatkoz\u00f3 igazol\u00e1st az ell\u00e1tott h\u00e1ziorvosa, kezel\u0151orvosa t\u00f6lti ki, pecs\u00e9ttel \u00e9s al\u00e1\u00edr\u00e1ssal hiteles\u00edti. <\/p>\n\n\n\n<div style=\"height:28px\" aria-hidden=\"true\" class=\"wp-block-spacer\"><\/div>\n\n\n\n<p><strong>\u00c9rt\u00e9kel\u0151 adatlap<\/strong><\/p>\n\n\n\n<p>Az \u00e9rt\u00e9kel\u0151 adatlapot az ell\u00e1tott h\u00e1ziorvosa, kezel\u0151orvosa \u00e9rt\u00e9keli a r\u00e1 vonatkoz\u00f3 oszlopban, majd al\u00e1\u00edr\u00e1ssal pecs\u00e9ttel sz\u00fcks\u00e9ges ell\u00e1tnia. <\/p>\n\n\n\n<div style=\"height:10px\" aria-hidden=\"true\" class=\"wp-block-spacer\"><\/div>\n\n\n\n<h3 class=\"wp-block-heading\">Eg\u00e9szs\u00e9g\u00fcgyi iratok, vizsg\u00e1latok<\/h3>\n\n\n\n<div style=\"height:38px\" aria-hidden=\"true\" class=\"wp-block-spacer\"><\/div>\n\n\n\n<p><strong>Gy\u00f3gyszerlista<\/strong><\/p>\n\n\n\n<div style=\"height:19px\" aria-hidden=\"true\" class=\"wp-block-spacer\"><\/div>\n\n\n\n<p>Orvos \u00e1ltal ki\u00e1ll\u00edtott igazol\u00e1s, az aktu\u00e1lisan szedett gy\u00f3gyszerekr\u0151l, orvos \u00e1ltal igazolt m\u00f3don, pecs\u00e9ttel al\u00e1\u00edr\u00e1ssal ell\u00e1tva.<\/p>\n\n\n\n<div style=\"height:19px\" aria-hidden=\"true\" class=\"wp-block-spacer\"><\/div>\n\n\n\n<p><strong>Eg\u00e9szs\u00e9g\u00fcgyi, orvosi dokumentumok<\/strong><\/p>\n\n\n\n<div style=\"height:19px\" aria-hidden=\"true\" class=\"wp-block-spacer\"><\/div>\n\n\n\n<p>A rendelkez\u00e9sre \u00e1ll\u00f3 l\u00e9nyeges eg\u00e9szs\u00e9g\u00fcgyi \u00e1llapotr\u00f3l sz\u00f3l\u00f3 z\u00e1r\u00f3jelent\u00e9sek, k\u00f3rrajzok, ambul\u00e1ns lapok, vizsg\u00e1lati lapok stb. <\/p>\n\n\n\n<div style=\"height:19px\" aria-hidden=\"true\" class=\"wp-block-spacer\"><\/div>\n\n\n\n<p><strong>Szakorvosi javaslatok<\/strong><\/p>\n\n\n\n<div style=\"height:19px\" aria-hidden=\"true\" class=\"wp-block-spacer\"><\/div>\n\n\n\n<p>Szakorvosi fel\u00edr\u00e1ssal t\u00f6rt\u00e9nt, bizonyos speci\u00e1lis gy\u00f3gyszerekhez sz\u00fcks\u00e9ges igazol\u00e1s, javaslat.<\/p>\n\n\n\n<div style=\"height:13px\" aria-hidden=\"true\" class=\"wp-block-spacer\"><\/div>\n\n\n\n<p><em>Pelenka szakorvosi javaslat<\/em>&nbsp;(amennyiben haszn\u00e1l)<\/p>\n\n\n\n<div style=\"height:19px\" aria-hidden=\"true\" class=\"wp-block-spacer\"><\/div>\n\n\n\n<p><em>A szakorvosi javaslatoknak \u00e9rv\u00e9nyesnek kell lenni\u00fck, amennyiben nem \u00e1llnak rendelkez\u00e9sre, azt az illet\u00e9kes szakorvost\u00f3l kell k\u00e9rni.<\/em><\/p>\n\n\n\n<div style=\"height:78px\" aria-hidden=\"true\" class=\"wp-block-spacer\"><\/div>\n\n\n\n<h2 class=\"wp-block-heading\">Szerz\u0151d\u00e9sk\u00f6t\u00e9s<\/h2>\n\n\n\n<p><br>A szerz\u0151d\u00e9sk\u00f6t\u00e9s el\u0151re egyeztetett id\u0151pont alapj\u00e1n t\u00f6rt\u00e9nik. A szerz\u0151d\u00e9sk\u00f6t\u00e9s \u00e9s a teljes t\u00e1j\u00e9koztat\u00e1s v\u00e1rhat\u00f3 hossza 1-1,5 \u00f3ra.<\/p>\n\n\n\n<div style=\"height:16px\" aria-hidden=\"true\" class=\"wp-block-spacer\"><\/div>\n\n\n\n<p>A szerz\u0151d\u00e9sk\u00f6t\u00e9s sor\u00e1n mind az ell\u00e1tott mind a hozz\u00e1tartoz\u00f3 adatait felvessz\u00fck, el\u0151k\u00e9sz\u00edtj\u00fck a dokument\u00e1ci\u00f3kat a bek\u00f6lt\u00f6z\u00e9shez.<\/p>\n\n\n\n<div style=\"height:37px\" aria-hidden=\"true\" class=\"wp-block-spacer\"><\/div>\n\n\n\n<p><strong>Szerz\u0151d\u00e9sk\u00f6t\u00e9shez az al\u00e1bbi iratokra, adatokra van sz\u00fcks\u00e9g<\/strong><\/p>\n\n\n\n<div style=\"height:24px\" aria-hidden=\"true\" class=\"wp-block-spacer\"><\/div>\n\n\n\n<ul class=\"wp-block-list\"><li>Ell\u00e1tott szem\u00e9lyi igazolv\u00e1ny, lakc\u00edmk\u00e1rtya, TAJ k\u00e1rtya,<\/li><li>Amennyiben rendelkezik vele: ad\u00f3igazolv\u00e1ny, k\u00f6zgy\u00f3gyell\u00e1t\u00e1si igazolv\u00e1ny, hadirokkant igazolv\u00e1ny,<\/li><li>Rokkants\u00e1gi meg\u00e1llap\u00edt\u00e1s\u00e1val kapcsolatos iratok, annak fel\u00fclvizsg\u00e1lat\u00e1val kapcsolatos iratok,<\/li><li>Nyugd\u00edj vagy j\u00f6vedelemigazol\u00e1s (nyugd\u00edjszelv\u00e9ny vagy bankkivonat) a nyugd\u00edjas t\u00f6rzssz\u00e1mmal egy\u00fctt,<\/li><li>B\u00e1rmilyen okb\u00f3l j\u00e1rad\u00e9k meg\u00e1llap\u00edt\u00e1s\u00e1ra utal\u00f3 okirat,<\/li><li>Meghatalmaz\u00e1s, ha \u00fcgyeit rokonai int\u00e9zik,<\/li><li>Gondnok kirendel\u0151 hat\u00e1rozat, ha gondoks\u00e1g alatt \u00e1ll,<\/li><\/ul>\n\n\n\n<div style=\"height:38px\" aria-hidden=\"true\" class=\"wp-block-spacer\"><\/div>\n\n\n\n<ul class=\"wp-block-list\"><li>Az jelentkez\u00e9shez beny\u00fajtott k\u00e9relem EREDETI p\u00e9ld\u00e1nya (\u201cA\u201d lap)<\/li><li>Az beadott jelentkez\u00e9shez az orvos \u00e1ltal kit\u00f6lt\u00f6tt pap\u00edrok EREDETI p\u00e9ld\u00e1nya (\u201cB\u201d lap \u00e9s \u00e9rt\u00e9kel\u0151 lap)<\/li><li>K\u00f3rh\u00e1zi z\u00e1r\u00f3jelent\u00e9sek, orvosi ambul\u00e1ns lapok,<\/li><li>Kontroll vizsg\u00e1lat id\u0151pontj\u00e1ra utal\u00f3 irat(ok),<\/li><li>Szakorvosi javaslatok (pelenka, pszichi\u00e1triai gy\u00f3gyszer, inzulin, sz\u00edvbetegs\u00e9g, v\u00e9ralvad\u00e1sg\u00e1tl\u00e1s),<\/li><li>Pelenka javaslat inkontinencia eset\u00e9n, kat\u00e9ter fel\u00edr\u00e1s\u00e1hoz javaslat, ehhez kapcsolatos orvosi leletek,<\/li><li>Hozz\u00e1tartoz\u00f3 szem\u00e9lyi igazolv\u00e1ny, lakc\u00edmk\u00e1rtya, telefonsz\u00e1m, email c\u00edm.<\/li><\/ul>\n\n\n\n<div style=\"height:87px\" aria-hidden=\"true\" class=\"wp-block-spacer\"><\/div>\n\n\n\n<h2 class=\"wp-block-heading\">Bek\u00f6lt\u00f6z\u00e9s<\/h2>\n\n\n\n<div style=\"height:38px\" aria-hidden=\"true\" class=\"wp-block-spacer\"><\/div>\n\n\n\n<p>A bek\u00f6lt\u00f6z\u00e9st el\u0151re egyeztetett id\u0151pont alapj\u00e1n tudjuk teljes\u00edteni, az el\u0151k\u00e9sz\u00edtett szob\u00e1j\u00e1ban fogadjuk az \u00faj ell\u00e1tottat.<\/p>\n\n\n\n<div style=\"height:16px\" aria-hidden=\"true\" class=\"wp-block-spacer\"><\/div>\n\n\n\n<p>Bek\u00f6lt\u00f6z\u00e9skor a lak\u00f3 szem\u00e9lyes iratait (szem\u00e9lyi igazolv\u00e1ny, lakc\u00edmk\u00e1rtya, TAJ k\u00e1rtya) le kell adni.<\/p>\n\n\n\n<div style=\"height:19px\" aria-hidden=\"true\" class=\"wp-block-spacer\"><\/div>\n\n\n\n<p>A let\u00f6lt\u00e9sek men\u00fcpontban tal\u00e1lhat\u00f3 &#8222;Sz\u00fcks\u00e9ges dolgok, \u00faj ell\u00e1tott&#8221; nev\u0171 dokumentum seg\u00edts\u00e9get ny\u00fajt \u00d6n\u00f6knek, hogy milyen t\u00e1rgyakra van sz\u00fcks\u00e9g bek\u00f6lt\u00f6z\u00e9skor.<\/p>\n\n\n\n<div style=\"height:38px\" aria-hidden=\"true\" class=\"wp-block-spacer\"><\/div>\n","protected":false},"excerpt":{"rendered":"<p>A le\u00edr\u00e1sban szerepl\u0151 formanyomtatv\u00e1nyokat a lap alj\u00e1n l\u00e9v\u0151 Let\u00f6lt\u00e9sek men\u00fcpont\u00a0alatt tal\u00e1lj\u00e1k. K\u00e9relem beny\u00fajt\u00e1sa Jelentkez\u00e9shez sz\u00fcks\u00e9ges k\u00f6telez\u0151 adatlapok Az al\u00e1bbi dokumentumokat a szerz\u0151d\u00e9sk\u00f6t\u00e9skor eredeti p\u00e9ld\u00e1nyban le kell adni. \u201eA\u201d lap K\u00e9relem a szem\u00e9lyes gondoskod\u00e1st ny\u00fajt\u00f3 szoci\u00e1lis ell\u00e1t\u00e1s ig\u00e9nybev\u00e9tel\u00e9hez nev\u0171 adatlapot \u00d6n\u00f6knek, hozz\u00e1tartoz\u00f3knak \u00e9s a lak\u00f3nak kell kit\u00f6lteni, ezzel k\u00e9relmezik az int\u00e9zm\u00e9nyben val\u00f3 elhelyez\u00e9st. \u201eB\u201d lap Az [&hellip;]<\/p>\n","protected":false},"author":1,"featured_media":0,"parent":0,"menu_order":0,"comment_status":"closed","ping_status":"closed","template":"","meta":{"footnotes":""},"class_list":["post-95","page","type-page","status-publish","hentry"],"_links":{"self":[{"href":"https:\/\/aranykor.hu\/idosek-otthona\/wp-json\/wp\/v2\/pages\/95","targetHints":{"allow":["GET"]}}],"collection":[{"href":"https:\/\/aranykor.hu\/idosek-otthona\/wp-json\/wp\/v2\/pages"}],"about":[{"href":"https:\/\/aranykor.hu\/idosek-otthona\/wp-json\/wp\/v2\/types\/page"}],"author":[{"embeddable":true,"href":"https:\/\/aranykor.hu\/idosek-otthona\/wp-json\/wp\/v2\/users\/1"}],"replies":[{"embeddable":true,"href":"https:\/\/aranykor.hu\/idosek-otthona\/wp-json\/wp\/v2\/comments?post=95"}],"version-history":[{"count":38,"href":"https:\/\/aranykor.hu\/idosek-otthona\/wp-json\/wp\/v2\/pages\/95\/revisions"}],"predecessor-version":[{"id":789,"href":"https:\/\/aranykor.hu\/idosek-otthona\/wp-json\/wp\/v2\/pages\/95\/revisions\/789"}],"wp:attachment":[{"href":"https:\/\/aranykor.hu\/idosek-otthona\/wp-json\/wp\/v2\/media?parent=95"}],"curies":[{"name":"wp","href":"https:\/\/api.w.org\/{rel}","templated":true}]}}

Jelentkezés

<div style="height:33px" aria-hidden="true" class="wp-block-spacer"></div>



<p>A leírásban szereplő formanyomtatványokat a lap alján lévő<strong> Letöltések menüpont</strong> alatt találják.</p>



<div style="height:76px" aria-hidden="true" class="wp-block-spacer"></div>



<h2 class="wp-block-heading">Kérelem benyújtása</h2>



<div style="height:25px" aria-hidden="true" class="wp-block-spacer"></div>



<h3 class="wp-block-heading">Jelentkezéshez szükséges kötelező adatlapok</h3>



<div style="height:26px" aria-hidden="true" class="wp-block-spacer"></div>



<p><strong>Az alábbi dokumentumokat a szerződéskötéskor eredeti példányban le kell adni.</strong></p>



<div style="height:30px" aria-hidden="true" class="wp-block-spacer"></div>



<p><strong>„A” lap</strong></p>



<p>Kérelem a személyes gondoskodást nyújtó szociális ellátás igénybevételéhez nevű adatlapot Önöknek, hozzátartozóknak és a lakónak kell kitölteni, ezzel kérelmezik az intézményben való elhelyezést. </p>



<div style="height:30px" aria-hidden="true" class="wp-block-spacer"></div>



<p><strong>„B” lap</strong></p>



<p>Az egészségi állapotra vonatkozó igazolást az ellátott háziorvosa, kezelőorvosa tölti ki, pecséttel és aláírással hitelesíti. </p>



<div style="height:28px" aria-hidden="true" class="wp-block-spacer"></div>



<p><strong>Értékelő adatlap</strong></p>



<p>Az értékelő adatlapot az ellátott háziorvosa, kezelőorvosa értékeli a rá vonatkozó oszlopban, majd aláírással pecséttel szükséges ellátnia. </p>



<div style="height:10px" aria-hidden="true" class="wp-block-spacer"></div>



<h3 class="wp-block-heading">Egészségügyi iratok, vizsgálatok</h3>



<div style="height:38px" aria-hidden="true" class="wp-block-spacer"></div>



<p><strong>Gyógyszerlista</strong></p>



<div style="height:19px" aria-hidden="true" class="wp-block-spacer"></div>



<p>Orvos által kiállított igazolás, az aktuálisan szedett gyógyszerekről, orvos által igazolt módon, pecséttel aláírással ellátva.</p>



<div style="height:19px" aria-hidden="true" class="wp-block-spacer"></div>



<p><strong>Egészségügyi, orvosi dokumentumok</strong></p>



<div style="height:19px" aria-hidden="true" class="wp-block-spacer"></div>



<p>A rendelkezésre álló lényeges egészségügyi állapotról szóló zárójelentések, kórrajzok, ambuláns lapok, vizsgálati lapok stb. </p>



<div style="height:19px" aria-hidden="true" class="wp-block-spacer"></div>



<p><strong>Szakorvosi javaslatok</strong></p>



<div style="height:19px" aria-hidden="true" class="wp-block-spacer"></div>



<p>Szakorvosi felírással történt, bizonyos speciális gyógyszerekhez szükséges igazolás, javaslat.</p>



<div style="height:13px" aria-hidden="true" class="wp-block-spacer"></div>



<p><em>Pelenka szakorvosi javaslat</em>&nbsp;(amennyiben használ)</p>



<div style="height:19px" aria-hidden="true" class="wp-block-spacer"></div>



<p><em>A szakorvosi javaslatoknak érvényesnek kell lenniük, amennyiben nem állnak rendelkezésre, azt az illetékes szakorvostól kell kérni.</em></p>



<div style="height:78px" aria-hidden="true" class="wp-block-spacer"></div>



<h2 class="wp-block-heading">Szerződéskötés</h2>



<p><br>A szerződéskötés előre egyeztetett időpont alapján történik. A szerződéskötés és a teljes tájékoztatás várható hossza 1-1,5 óra.</p>



<div style="height:16px" aria-hidden="true" class="wp-block-spacer"></div>



<p>A szerződéskötés során mind az ellátott mind a hozzátartozó adatait felvesszük, előkészítjük a dokumentációkat a beköltözéshez.</p>



<div style="height:37px" aria-hidden="true" class="wp-block-spacer"></div>



<p><strong>Szerződéskötéshez az alábbi iratokra, adatokra van szükség</strong></p>



<div style="height:24px" aria-hidden="true" class="wp-block-spacer"></div>



<ul class="wp-block-list"><li>Ellátott személyi igazolvány, lakcímkártya, TAJ kártya,</li><li>Amennyiben rendelkezik vele: adóigazolvány, közgyógyellátási igazolvány, hadirokkant igazolvány,</li><li>Rokkantsági megállapításával kapcsolatos iratok, annak felülvizsgálatával kapcsolatos iratok,</li><li>Nyugdíj vagy jövedelemigazolás (nyugdíjszelvény vagy bankkivonat) a nyugdíjas törzsszámmal együtt,</li><li>Bármilyen okból járadék megállapítására utaló okirat,</li><li>Meghatalmazás, ha ügyeit rokonai intézik,</li><li>Gondnok kirendelő határozat, ha gondokság alatt áll,</li></ul>



<div style="height:38px" aria-hidden="true" class="wp-block-spacer"></div>



<ul class="wp-block-list"><li>Az jelentkezéshez benyújtott kérelem EREDETI példánya (“A” lap)</li><li>Az beadott jelentkezéshez az orvos által kitöltött papírok EREDETI példánya (“B” lap és értékelő lap)</li><li>Kórházi zárójelentések, orvosi ambuláns lapok,</li><li>Kontroll vizsgálat időpontjára utaló irat(ok),</li><li>Szakorvosi javaslatok (pelenka, pszichiátriai gyógyszer, inzulin, szívbetegség, véralvadásgátlás),</li><li>Pelenka javaslat inkontinencia esetén, katéter felírásához javaslat, ehhez kapcsolatos orvosi leletek,</li><li>Hozzátartozó személyi igazolvány, lakcímkártya, telefonszám, email cím.</li></ul>



<div style="height:87px" aria-hidden="true" class="wp-block-spacer"></div>



<h2 class="wp-block-heading">Beköltözés</h2>



<div style="height:38px" aria-hidden="true" class="wp-block-spacer"></div>



<p>A beköltözést előre egyeztetett időpont alapján tudjuk teljesíteni, az előkészített szobájában fogadjuk az új ellátottat.</p>



<div style="height:16px" aria-hidden="true" class="wp-block-spacer"></div>



<p>Beköltözéskor a lakó személyes iratait (személyi igazolvány, lakcímkártya, TAJ kártya) le kell adni.</p>



<div style="height:19px" aria-hidden="true" class="wp-block-spacer"></div>



<p>A letöltések menüpontban található &#8222;Szükséges dolgok, új ellátott&#8221; nevű dokumentum segítséget nyújt Önöknek, hogy milyen tárgyakra van szükség beköltözéskor.</p>



<div style="height:38px" aria-hidden="true" class="wp-block-spacer"></div>

<p>A leírásban szereplő formanyomtatványokat a lap alján lévő Letöltések menüpont alatt találják. Kérelem benyújtása Jelentkezéshez szükséges kötelező adatlapok Az alábbi dokumentumokat a szerződéskötéskor eredeti példányban le kell adni. „A” lap Kérelem a személyes gondoskodást nyújtó szociális ellátás igénybevételéhez nevű adatlapot Önöknek, hozzátartozóknak és a lakónak kell kitölteni, ezzel kérelmezik az intézményben való elhelyezést. „B” lap Az [&hellip;]</p>
