{"id":7,"date":"2021-12-06T12:49:16","date_gmt":"2021-12-06T12:49:16","guid":{"rendered":"http:\/\/10.1.0.80:8131\/?page_id=7"},"modified":"2024-11-25T09:45:13","modified_gmt":"2024-11-25T09:45:13","slug":"bemutatkozas","status":"publish","type":"page","link":"https:\/\/aranykor.hu\/wellness\/bemutatkozas\/","title":{"rendered":"Bemutatkoz\u00e1s"},"content":{"rendered":"\n<p>\u00dcdv\u00f6z\u00f6lj\u00fck az Aranykor Wellness \u00e9s Term\u00e1lf\u00fcrd\u0151 oldal\u00e1n!<\/p>\n\n\n\n<p>Az Aranykor Wellness \u00e9s Term\u00e1lf\u00fcrd\u0151 2005. janu\u00e1r 5-\u00e9n nyitotta meg kapuit, azzal a c\u00e9llal, hogy egy olyan k\u00e9pzeletbeli o\u00e1zist biztos\u00edtsunk, ahol mindenki megtal\u00e1lhatja a sz\u00e1m\u00e1ra legmegfelel\u0151bb pihen\u00e9si form\u00e1t. Hisz\u00fcnk abban, hogy a mai rohan\u00f3 vil\u00e1gban mindenkinek sz\u00fcks\u00e9ge van arra, hogy kiszakadjon a mindennapok hajt\u00e1s\u00e1b\u00f3l \u00e9s val\u00f3di felt\u00f6lt\u0151d\u00e9st nyerjen.<\/p>\n\n\n\n<div style=\"height:21px\" aria-hidden=\"true\" class=\"wp-block-spacer\"><\/div>\n\n\n\n<p>F\u00fcrd\u0151nk nem csup\u00e1n egy hely, ahol felfriss\u00edtheti a test\u00e9t \u00e9s a lelk\u00e9t, hanem egy olyan mened\u00e9k, ahol b\u00e1rmikor megpihenhet, ak\u00e1r egyed\u00fcl, ak\u00e1r a szeretteiddel. Legyen sz\u00f3 egy nyugodt elvonul\u00e1sr\u00f3l, amikor szeretne elm\u00e9lyedni a pihen\u00e9sben, vagy egy vid\u00e1m bar\u00e1ti \u00f6sszej\u00f6vetelr\u0151l, csal\u00e1di tal\u00e1lkoz\u00f3r\u00f3l, n\u00e1lunk mindenki megtal\u00e1lja a sz\u00e1m\u00e1ra ide\u00e1lis k\u00f6rnyezetet.<\/p>\n\n\n\n<div style=\"height:20px\" aria-hidden=\"true\" class=\"wp-block-spacer\"><\/div>\n\n\n\n<p>Wellness szolg\u00e1ltat\u00e1saink, szaun\u00e1z\u00e1si lehet\u0151s\u00e9geink, term\u00e1l medenc\u00e9ink mind azt szolg\u00e1lj\u00e1k, hogy az itt t\u00f6lt\u00f6tt id\u0151 val\u00f3ban k\u00fcl\u00f6nleges \u00e9lm\u00e9nny\u00e9 v\u00e1ljon. Azt szeretn\u00e9nk, hogy minden vend\u00e9g\u00fcnk \u00fagy \u00e9rezze, hogy a stresszt \u00e9s a rohan\u00f3 h\u00e9tk\u00f6znapokat h\u00e1trahagyva egy olyan helyen tal\u00e1lkozhat \u00f6nmag\u00e1val, ahol val\u00f3di felt\u00f6lt\u0151d\u00e9s t\u00f6rt\u00e9nik.<\/p>\n\n\n\n<div style=\"height:20px\" aria-hidden=\"true\" class=\"wp-block-spacer\"><\/div>\n\n\n\n<p>F\u00fcrd\u0151nk nemcsak egy hely a pihen\u00e9sre, hanem egy olyan k\u00f6z\u00f6ss\u00e9gi \u00e9lm\u00e9ny is, amelyet a bar\u00e1ti t\u00e1rsas\u00e1gok, csal\u00e1dok \u00e9s munkat\u00e1rsak is \u00e9lvezhetnek. Legyen sz\u00f3 egy k\u00f6z\u00f6s wellness h\u00e9tv\u00e9g\u00e9r\u0151l, csapat\u00e9p\u00edt\u0151 rendezv\u00e9nyr\u0151l, vagy ak\u00e1r egy felejthetetlen sz\u00fclet\u00e9snapi \u00fcnnepl\u00e9sr\u0151l, n\u00e1lunk minden adott a kellemes id\u0151t\u00f6lt\u00e9shez. A relax\u00e1ci\u00f3s szolg\u00e1ltat\u00e1saink mellett az eg\u00e9sz f\u00fcrd\u0151 hangulata seg\u00edt, hogy a k\u00f6z\u00f6sen t\u00f6lt\u00f6tt id\u0151 val\u00f3ban eml\u00e9kezetes maradjon.<\/p>\n\n\n\n<div style=\"height:20px\" aria-hidden=\"true\" class=\"wp-block-spacer\"><\/div>\n\n\n\n<p>Szolg\u00e1ltat\u00e1saink a teljes kikapcsol\u00f3d\u00e1shoz:<\/p>\n\n\n\n<div style=\"height:20px\" aria-hidden=\"true\" class=\"wp-block-spacer\"><\/div>\n\n\n\n<ul class=\"wp-block-list\">\n<li>Szaun\u00e1k \u00e9s pihen\u0151terek: T\u00f6bbf\u00e9le szauna \u00e9s pihen\u0151hely biztos\u00edtja a teljes relax\u00e1ci\u00f3t<\/li>\n\n\n\n<li>Massz\u00e1zsok: A k\u00fcl\u00f6nb\u00f6z\u0151 massz\u00e1zsform\u00e1k seg\u00edtenek a testi \u00e9s lelki felfriss\u00fcl\u00e9sben<\/li>\n\n\n\n<li>Medenc\u00e9k \u00e9s pihen\u0151z\u00f3n\u00e1k: Term\u00e1lv\u00edz j\u00f3t\u00e9kony hat\u00e1sa az \u00edz\u00fcletekre<\/li>\n\n\n\n<li>Priv\u00e1t rendezv\u00e9nyek \u00e9s csapat\u00e9p\u00edt\u0151 lehet\u0151s\u00e9gek: T\u00f6k\u00e9letes helysz\u00edn bar\u00e1toknak, csal\u00e1doknak \u00e9s c\u00e9gek sz\u00e1m\u00e1ra is<\/li>\n<\/ul>\n\n\n\n<div style=\"height:19px\" aria-hidden=\"true\" class=\"wp-block-spacer\"><\/div>\n\n\n\n<p>F\u00fcrd\u0151nk c\u00e9lja, hogy minden vend\u00e9g\u00fcnk olyan \u00e9lm\u00e9nyeket vihet mag\u00e1val, amelyek seg\u00edtenek a mindennapi \u00e9lethez val\u00f3 visszat\u00e9r\u00e9sben, mik\u00f6zben testileg \u00e9s lelkileg is meg\u00fajulnak. A pihen\u00e9s, a felt\u00f6lt\u0151d\u00e9s \u00e9s a k\u00f6z\u00f6ss\u00e9g ereje mind r\u00e9sze annak, amit k\u00edn\u00e1lunk \u2013 b\u00e1rmelyik c\u00e9lra is \u00e9rkezel hozz\u00e1nk.<\/p>\n\n\n\n<div style=\"height:20px\" aria-hidden=\"true\" class=\"wp-block-spacer\"><\/div>\n\n\n\n<p>A bel\u00e9p\u0151jegy tartalmazza a term\u00e1lmedenc\u00e9k, a szauna, g\u0151zkabin, aromakabin, valamint a pihen\u0151\u00e1gyak haszn\u00e1lat\u00e1t, tov\u00e1bb\u00e1 a szauna programokon val\u00f3 r\u00e9szv\u00e9telt, a szabad kapacit\u00e1s erej\u00e9ig. Amennyiben biztos\u00edtani szeretn\u00e9 a hely\u00e9t a szaunasze\u00e1nszokon, lehet\u0151s\u00e9get biztos\u00edtunk szauna VIP jegy megv\u00e1lt\u00e1s\u00e1ra.<\/p>\n\n\n\n<div style=\"height:20px\" aria-hidden=\"true\" class=\"wp-block-spacer\"><\/div>\n\n\n\n<p>Priv\u00e1t rendezv\u00e9nyek \u00e9s csapat\u00e9p\u00edt\u0151 lehet\u0151s\u00e9gek: T\u00f6k\u00e9letes helysz\u00edn bar\u00e1toknak, csal\u00e1doknak \u00e9s c\u00e9gek sz\u00e1m\u00e1ra is.<\/p>\n\n\n\n<div style=\"height:20px\" aria-hidden=\"true\" class=\"wp-block-spacer\"><\/div>\n\n\n\n<p>Baba-mama program. Minden szerd\u00e1n \u00e9s vas\u00e1rnap d\u00e9lel\u0151tt tartott b\u00e9bi\u00fasz\u00e1s, melyr\u0151l tov\u00e1bbi inform\u00e1ci\u00f3k\u00e9rt Vancsk\u00f3 Cec\u00edli\u00e1t kereshetik a +36-30-2795-722-es telefonsz\u00e1mon.<\/p>\n\n\n\n<div style=\"height:20px\" aria-hidden=\"true\" class=\"wp-block-spacer\"><\/div>\n\n\n\n<p>Nyugd\u00edjas vend\u00e9geinknek a nyugd\u00edjas id\u0151szakban 50%-os kedvezm\u00e9nyt biztos\u00edtunk, kedden \u00e9s cs\u00fct\u00f6rt\u00f6k\u00f6n eg\u00e9sz nap, szerd\u00e1n d\u00e9lut\u00e1n, valamint p\u00e9ntek d\u00e9lel\u0151tt.<\/p>\n\n\n\n<div style=\"height:20px\" aria-hidden=\"true\" class=\"wp-block-spacer\"><\/div>\n\n\n\n<div class=\"wp-block-columns is-layout-flex wp-container-core-columns-is-layout-9d6595d7 wp-block-columns-is-layout-flex\">\n<div class=\"wp-block-column is-layout-flow wp-block-column-is-layout-flow\">\n<div style=\"height:31px\" aria-hidden=\"true\" class=\"wp-block-spacer\"><\/div>\n\n\n\n<p style=\"font-size:24px\"><\/p>\n\n\n\n<p>A fedett f\u00fcrd\u0151 r\u00e9szleg\u00fcnkben az al\u00e1bbi szolg\u00e1ltat\u00e1sokat vehetik ig\u00e9nybe:<\/p>\n\n\n\n<div style=\"height:20px\" aria-hidden=\"true\" class=\"wp-block-spacer\"><\/div>\n\n\n\n<ul class=\"wp-block-list\">\n<li>32-34 \u00b0C-os nagy term\u00e1lmedence, 3 \u00e9lm\u00e9nyelemmel (melyek 15 percenk\u00e9nt v\u00e1ltj\u00e1k egym\u00e1st),<\/li>\n\n\n\n<li>36-38 \u00b0C-os kis \u00fcl\u0151medence,<\/li>\n\n\n\n<li>Pihen\u0151\u00e1gyak,<\/li>\n\n\n\n<li>G\u0151zkabin,<\/li>\n\n\n\n<li>Szauna,<\/li>\n\n\n\n<li>Aroma kabin,<\/li>\n\n\n\n<li>Massz\u00e1zs,<\/li>\n\n\n\n<li>B\u00e1r,<\/li>\n\n\n\n<li>T\u00e9likert p\u00e1lmaf\u00e1kkal.<\/li>\n<\/ul>\n\n\n\n<div style=\"height:20px\" aria-hidden=\"true\" class=\"wp-block-spacer\"><\/div>\n\n\n\n<div style=\"height:31px\" aria-hidden=\"true\" class=\"wp-block-spacer\"><\/div>\n<\/div>\n\n\n\n<div class=\"wp-block-column is-layout-flow wp-block-column-is-layout-flow\">\n<figure class=\"wp-block-image size-full\"><img loading=\"lazy\" decoding=\"async\" width=\"709\" height=\"513\" src=\"https:\/\/uj.aranykor.hu\/wellness\/wp-content\/uploads\/2021\/12\/43aac03a2f0a87a241c4dec5ac43cb87.png\" alt=\"\" class=\"wp-image-29\" srcset=\"https:\/\/aranykor.hu\/wellness\/wp-content\/uploads\/2021\/12\/43aac03a2f0a87a241c4dec5ac43cb87.png 709w, https:\/\/aranykor.hu\/wellness\/wp-content\/uploads\/2021\/12\/43aac03a2f0a87a241c4dec5ac43cb87-300x217.png 300w\" sizes=\"auto, (max-width: 709px) 100vw, 709px\" \/><\/figure>\n<\/div>\n<\/div>\n\n\n\n<div class=\"wp-block-columns is-layout-flex wp-container-core-columns-is-layout-9d6595d7 wp-block-columns-is-layout-flex\">\n<div class=\"wp-block-column is-layout-flow wp-block-column-is-layout-flow\">\n<figure class=\"wp-block-image size-full\"><img loading=\"lazy\" decoding=\"async\" width=\"718\" height=\"523\" src=\"https:\/\/uj.aranykor.hu\/wellness\/wp-content\/uploads\/2021\/12\/7964f5ab4eb014d0e717b0f08d2fc580.png\" alt=\"\" class=\"wp-image-31\" srcset=\"https:\/\/aranykor.hu\/wellness\/wp-content\/uploads\/2021\/12\/7964f5ab4eb014d0e717b0f08d2fc580.png 718w, https:\/\/aranykor.hu\/wellness\/wp-content\/uploads\/2021\/12\/7964f5ab4eb014d0e717b0f08d2fc580-300x219.png 300w\" sizes=\"auto, (max-width: 718px) 100vw, 718px\" \/><\/figure>\n<\/div>\n\n\n\n<div class=\"wp-block-column is-layout-flow wp-block-column-is-layout-flow\">\n<p style=\"font-size:24px\">A kinti 15 hekt\u00e1ros park r\u00e9sz\u00e9n tal\u00e1lhat\u00f3:<\/p>\n\n\n\n<div style=\"height:20px\" aria-hidden=\"true\" class=\"wp-block-spacer\"><\/div>\n\n\n\n<div style=\"height:31px\" aria-hidden=\"true\" class=\"wp-block-spacer\"><\/div>\n\n\n\n<ul class=\"wp-block-list\">\n<li>366 m\u00b2-es \u00e9lm\u00e9nymedence, 3 m m\u00e9ly mer\u00fcl\u0151 r\u00e9sszel, barlangf\u00fcrd\u0151vel, v\u00edzes\u00e9ssel, vadv\u00edzzel \u00e9s gyermekpancsol\u00f3val,<\/li>\n\n\n\n<li>Teniszp\u00e1lya,<\/li>\n\n\n\n<li>Borospince<\/li>\n\n\n\n<li>R\u00f6nk szauna,<\/li>\n\n\n\n<li>Halast\u00f3,<\/li>\n\n\n\n<li>Domb v\u00edzes\u00e9ssel.<\/li>\n<\/ul>\n<\/div>\n<\/div>\n\n\n\n<figure class=\"wp-block-gallery has-nested-images columns-default is-cropped wp-block-gallery-1 is-layout-flex wp-block-gallery-is-layout-flex\">\n<figure class=\"wp-block-image size-large\"><img loading=\"lazy\" decoding=\"async\" width=\"1024\" height=\"1024\" data-id=\"436\" src=\"https:\/\/aranykor.hu\/wellness\/wp-content\/uploads\/2023\/08\/Whitagram-Image-1024x1024.jpg\" alt=\"\" class=\"wp-image-436\" srcset=\"https:\/\/aranykor.hu\/wellness\/wp-content\/uploads\/2023\/08\/Whitagram-Image-1024x1024.jpg 1024w, https:\/\/aranykor.hu\/wellness\/wp-content\/uploads\/2023\/08\/Whitagram-Image-300x300.jpg 300w, https:\/\/aranykor.hu\/wellness\/wp-content\/uploads\/2023\/08\/Whitagram-Image-150x150.jpg 150w, https:\/\/aranykor.hu\/wellness\/wp-content\/uploads\/2023\/08\/Whitagram-Image-768x768.jpg 768w, https:\/\/aranykor.hu\/wellness\/wp-content\/uploads\/2023\/08\/Whitagram-Image.jpg 1190w\" sizes=\"auto, (max-width: 1024px) 100vw, 1024px\" \/><\/figure>\n<\/figure>\n\n\n\n<p><\/p>\n","protected":false},"excerpt":{"rendered":"<p>\u00dcdv\u00f6z\u00f6lj\u00fck az Aranykor Wellness \u00e9s Term\u00e1lf\u00fcrd\u0151 oldal\u00e1n! Az Aranykor Wellness \u00e9s Term\u00e1lf\u00fcrd\u0151 2005. janu\u00e1r 5-\u00e9n nyitotta meg kapuit, azzal a c\u00e9llal, hogy egy olyan k\u00e9pzeletbeli o\u00e1zist biztos\u00edtsunk, ahol mindenki megtal\u00e1lhatja a sz\u00e1m\u00e1ra legmegfelel\u0151bb pihen\u00e9si form\u00e1t. Hisz\u00fcnk abban, hogy a mai rohan\u00f3 vil\u00e1gban mindenkinek sz\u00fcks\u00e9ge van arra, hogy kiszakadjon a mindennapok hajt\u00e1s\u00e1b\u00f3l \u00e9s val\u00f3di felt\u00f6lt\u0151d\u00e9st nyerjen. [&hellip;]<\/p>\n","protected":false},"author":1,"featured_media":0,"parent":0,"menu_order":0,"comment_status":"closed","ping_status":"closed","template":"","meta":{"footnotes":""},"class_list":["post-7","page","type-page","status-publish","hentry"],"acf":[],"_links":{"self":[{"href":"https:\/\/aranykor.hu\/wellness\/wp-json\/wp\/v2\/pages\/7","targetHints":{"allow":["GET"]}}],"collection":[{"href":"https:\/\/aranykor.hu\/wellness\/wp-json\/wp\/v2\/pages"}],"about":[{"href":"https:\/\/aranykor.hu\/wellness\/wp-json\/wp\/v2\/types\/page"}],"author":[{"embeddable":true,"href":"https:\/\/aranykor.hu\/wellness\/wp-json\/wp\/v2\/users\/1"}],"replies":[{"embeddable":true,"href":"https:\/\/aranykor.hu\/wellness\/wp-json\/wp\/v2\/comments?post=7"}],"version-history":[{"count":19,"href":"https:\/\/aranykor.hu\/wellness\/wp-json\/wp\/v2\/pages\/7\/revisions"}],"predecessor-version":[{"id":661,"href":"https:\/\/aranykor.hu\/wellness\/wp-json\/wp\/v2\/pages\/7\/revisions\/661"}],"wp:attachment":[{"href":"https:\/\/aranykor.hu\/wellness\/wp-json\/wp\/v2\/media?parent=7"}],"curies":[{"name":"wp","href":"https:\/\/api.w.org\/{rel}","templated":true}]}}